4*h + 64. Determine b(-14).
8
Let t(n) = n**2 + 12*n + 6. Give t(-10).
-14
Let h(n) = -n**3 - n**2 + 1. Give h(1).
-1
Let a(c) = -10*c**2 - 7*c + 3. Give a(0).
3
Let t(w) = -2*w - 11. Give t(-2).
-7
Let k(l) = -l + 47. Determine k(21).
26
Let o(f) = -2*f**3 - 11*f**2 + 4*f. What is o(-6)?
12
Let r(t) = t**3 - 6*t**2 - t + 6. Give r(7).
48
Let y(u) = -u**2 - 2*u - 7. Calculate y(-5).
-22
Let x(i) = -5*i + 1. Determine x(1).
-4
Let f(k) = k - 26. What is f(15)?
-11
Let p(w) = -w - 6. What is p(3)?
-9
Let c(a) = 70*a + 717. Determine c(-10).
17
Let q(r) = -4*r - 9. What is q(-4)?
7
Let s(q) = -26*q + 244. Calculate s(9).
10
Let b(u) = u**3 + 5*u**2 - 16. Calculate b(-3).
2
Let h(y) = 6*y + 16. Calculate h(-2).
4
Let k(m) = 77*m**2 + 4*m - 3. What is k(1)?
78
Let x(m) = -8*m - 22. Calculate x(-3).
2
Let d(k) = -15*k - 15. Calculate d(-5).
60
Let o(l) = l**3 - 3*l**2 + 4*l - 3. Calculate o(3).
9
Let f(y) = -y - 23. Give f(13).
-36
Let m(h) = h**3 - h**2 - 3*h - 1. Determine m(4).
35
Let o(b) = 19*b - 2. Determine o(2).
36
Let m(f) = 8*f - 33. Calculate m(4).
-1
Let h(k) = -2*k + 4. Give h(0).
4
Let u(l) = l**2 - 29*l - 36. Calculate u(30).
-6
Let p(i) = -19*i + 89. Determine p(6).
-25
Let j(a) = -a**3 + 6*a**2 + 2*a - 9. Give j(6).
3
Let i(c) = -c**2 + 12*c - 32. Give i(8).
0
Let g(m) = -m**3 - 5*m**2 + 5*m - 11. Give g(-6).
-5
Let v(s) = -2*s**3 + 19*s**2 - 3*s - 43. Calculate v(9).
11
Let o(s) = s**3 - 8*s**2 - s + 9. What is o(8)?
1
Let t(p) = -p**3 + 7*p**2 - 3*p + 3. Determine t(3).
30
Let o(z) = z**3 - 7*z**2 + 4*z + 7. Determine o(6).
-5
Let g(i) = -i**2 + i - 11. Give g(0).
-11
Let x(z) = -z**3 - 2*z**2 - z - 1. Give x(-2).
1
Let b(n) = -n**3 - 7*n**2 + 9*n + 9. Calculate b(-6).
-81
Let i(l) = -l**2 + 22*l - 42. What is i(22)?
-42
Let a(f) = f**3 - 6*f**2 - 3*f + 14. Determine a(6).
-4
Let i(o) = -3*o + 12. Give i(4).
0
Let v(s) = -s**3 - 2*s**2 + 31*s - 1. Give v(4).
27
Let b(n) = n**2 + n - 4. Determine b(-7).
38
Let o(z) = z**2 - 8*z - 31. What is o(16)?
97
Let q(f) = -f + 16. Give q(11).
5
Let h(z) = -3*z + 9. What is h(-9)?
36
Let o(a) = -27*a**2 - a + 1. Give o(-1).
-25
Let d(b) = -b**2 - 15*b + 32. Determine d(-17).
-2
Let l(r) = -r**3 - 6*r**2 + 3*r - 5. Give l(-5).
-45
Let l(x) = x - 14. Give l(18).
4
Let q(x) = 4*x**3 - 2*x**2 + x + 4. Determine q(2).
30
Let g(q) = -4*q + 30. Determine g(10).
-10
Let j(g) = -g**3 + 8*g**2 - 5*g + 27. Give j(8).
-13
Let c(d) = 7*d**2 + 9*d + 8. What is c(-1)?
6
Let p(v) = v - 26. Give p(18).
-8
Let v(r) = -r**3 + 12*r**2 - 2*r + 9. Calculate v(12).
-15
Let k(q) = q - 17. Calculate k(15).
-2
Let t(o) = 3*o**2 - 6*o - 14. What is t(-4)?
58
Let a(l) = 2*l**2 + 2*l - 4. Determine a(2).
8
Let o(h) = h**3 + 25*h**2 + 2*h + 34. Determine o(-25).
-16
Let t(h) = h**2 + 3*h + 7. What is t(-7)?
35
Let t(q) = 7*q - 4. Determine t(1).
3
Let y(d) = d**3 - 12*d**2 + 12*d - 7. Give y(11).
4
Let s(p) = 2*p - 17. What is s(12)?
7
Let l(d) = -d - 7. Calculate l(3).
-10
Let g(x) = 4*x**3 - x**2 - 3*x - 1. What is g(-1)?
-3
Let s(c) = -4*c + 8. Determine s(7).
-20
Let h(w) = -4*w**2 + 5*w - 7. Calculate h(0).
-7
Let z(f) = -14*f**3 - 2*f**2 - f. Calculate z(-1).
13
Let g(y) = -y**2 + 5*y - 4. Give g(2).
2
Let i(p) = -p**2 - 14*p - 3. Give i(-10).
37
Let q(u) = u**2 + 7*u - 115. Calculate q(7).
-17
Let z(v) = -v - 19. What is z(-10)?
-9
Let q(k) = 11*k - 240. Calculate q(21).
-9
Let u(b) = -b**3 - 3*b**2 - 3*b. What is u(-4)?
28
Let g(b) = b**3 - 6*b**2 + 7*b + 1. Determine g(5).
11
Let j(k) = k**2 - k - 15. What is j(5)?
5
Let w(z) = -z**2 + 36*z + 23. Give w(34).
91
Let c(j) = -8*j + 53. What is c(10)?
-27
Let x(o) = -2*o**2 - 16*o - 7. Calculate x(-7).
7
Let b(t) = t**3 - 54*t**2 - 48*t - 405. What is b(55)?
-20
Let q(c) = -27*c + 2. What is q(2)?
-52
Let g(u) = u**3 + 29*u**2 - 30*u + 32. Give g(-30).
32
Let z(t) = -t**3 + t**2 + 2*t - 1. Determine z(1).
1
Let q(t) = -18*t**3 - t**2 + 1. What is q(-1)?
18
Let j(k) = -2*k**2 + 17*k + 92. Calculate j(-4).
-8
Let c(y) = -3*y**2 + 2*y + 1. What is c(-1)?
-4
Let b(h) = -h**3 + 10*h**2 + 27*h - 8. Give b(12).
28
Let l(d) = 25*d - 1. What is l(-1)?
-26
Let l(t) = -3*t - 8. Give l(8).
-32
Let u(h) = h**3 - h**2 - h. Determine u(-2).
-10
Let d(i) = i**3 + 4*i**2 + i + 9. What is d(-4)?
5
Let o(b) = b**2 - 12*b - 11. Give o(11).
-22
Let x(u) = -3*u + 30. Give x(16).
-18
Let m(b) = -12*b + 2. What is m(2)?
-22
Let t(r) = r**2 + 13*r + 11. Calculate t(-11).
-11
Let l(t) = 22*t - 364. Calculate l(17).
10
Let c(b) = b**3 + 10*b**2 + b. Give c(-10).
-10
Let z(f) = f**2 - 14*f - 14. Calculate z(19).
81
Let j(g) = 18*g - 295. What is j(16)?
-7
Let m(a) = 17*a + 7. What is m(-4)?
-61
Let x(a) = -9*a**2 - 85*a + 53. Give x(-10).
3
Let j(k) = k + 18. What is j(-7)?
11
Let j(k) = k**3 + 10*k**2 - 12*k - 4. What is j(-11)?
7
Let x(q) = q**2 - 38*q + 336. Calculate x(13).
11
Let d(u) = u**2 + 11*u - 106. Determine d(6).
-4
Let w(p) = -2*p**2 - 14*p - 4. Determine w(-7).
-4
Let i(w) = w**3 - 2*w**2 + w + 1. What is i(-2)?
-17
Let f(w) = w**3 + 11*w**2 - 3*w - 34. Calculate f(-11).
-1
Let d(l) = 7*l - 89. Calculate d(10).
-19
Let p(s) = 3*s - 55. Calculate p(16).
-7
Let z(s) = 2*s**2 + 12*s - 29. Give z(-8).
3
Let j(h) = -h**3 - 7*h**2 + 18*h + 9. Calculate j(-9).
9
Let r(v) = 6*v**2 - 4*v - 1. What is r(2)?
15
Let x(h) = -h**3 + 13*h**2 + 34*h + 8. Calculate x(15).
68
Let i(s) = s**2 + 2*s + 15. Determine i(5).
50
Let h(l) = 32*l - 124. Give h(5).
36
Let n(m) = -5*m - 17. Calculate n(-9).
28
Let o(d) = -2*d - 11. Determine o(3).
-17
Let p(z) = -z**2 + 8*z - 11. What is p(5)?
4
Let r(p) = -p**3 + 13*p**2 - 10*p - 3. Determine r(12).
21
Let l(f) = -f**3 + 12*f**2 + 14. Calculate l(12).
14
Let b(k) = -k**3 + 6*k**2 - 7*k + 1. Give b(5).
-9
Let b(h) = -11*h + 45. What is b(5)?
-10
Let d(h) = -h**3 + 5*h**2 + 2*h - 6. Give d(4).
18
Let d(l) = 2*l**3 + l**2 + 2*l - 3. What is d(2)?
21
Let v(p) = 28*p + 106. Give v(-4).
-6
Let n(o) = o**3 - 5*o**2 + 2*o + 5. What is n(4)?
-3
Let c(n) = -8*n + 31. Calculate c(4).
-1
Let d(n) = n**3 - n**2 + 2*n - 15. Determine d(0).
-15
Let c(p) = -p**3 - 8*p**2 + 7*p - 13. What is c(-9)?
5
Let r(c) = -5*c - 53. Give r(-13).
12
Let t(u) = -6*u - 1. Determine t(2).
-13
Let j(o) = o**3 - 2*o**2 - 2*o + 2. Give j(2).
-2
Let i(k) = 7*k + 4. Give i(0).
4
Let i(u) = 2*u - 51. Give i(22).
-7
Let t(m) = -3*m + 4. Determine t(6).
-14
Let u(m) = 31*m + 55. Calculate u(-2).
-7
Let y(s) = -2*s**2 - s + 40. Calculate y(6).
-38
Let l(z) = z**2 - 3*z - 44. Give l(-6).
10
Let a(j) = -j**2 + 5*j - 4. What is a(0)?
-4
Let a(u) = 15*u**3 - 3*u - 2. Determine a(-1).
-14
Let l(o) = o**3 + 6*o**2 - o - 5. What is l(-7)?
-47
Let y(j) = 19*j + 2. Calculate y(-2).
-36
Let x(u) = u**3 - 23*u**2 - 21*u - 58. Calculate x(24).
14
Let p(c) = -c**3 + 8*c**2 - 8*c - 4. Give p(7).
-11
Let w(k) = -6*k + 1. Give w(-4).
25
Let w(m) = -m - 15. What is w(7)?
-22
Let y(z) = -2*z**3 - 6*z - 1. What is y(3)?
-73
Let t(r) = r**3 - r**2 + 2*r + 21. Calculate t(0).
21
Let b(t) = -4*t - 75. Determine b(-16).
-11
Let z(r) = r**3 - 9*r**2 - r + 15. What is z(9)?
6
Let j(m) = m. Calculate j(-4).
-4
Let q(h) = h**2 + 47*h + 284. Give q(-7).
4
Let n(q) = q - 30. Give n(-11).
-41
Let x(r) = r**2 + 3*r - 24. What is x(-7)?
4
Let f(m) = -4*m - 5. Calculate f(-6).
19
Let n(u) = -18*u**3 - u**2 + u - 1. Calculate n(1).
-19
Let m(j) = j**3 - j**2 - j + 6. Determine m(0).
6
Let g(z) = -z**2 + 15*z + 80. What is g(19)?
4
Let f(y) = -2*y**3 - 6*y**2 - 5*y - 13. Determine f(-4).
39
Let m(f) = -2*f + 1. Give m(-4).
9
Let t(w) = -5*w - 15. Calculate t(-6).
15
Let b(i) = i**2 - 15*i - 196. Determine b(23).
-12
Let z(q) = q**2 + 19*q + 9. Calculate z(-13).
-69
Let v(s) = -s**3 + 9*s**2 - 3*s + 7. Give v(8).
47
Let n(u) = u**2 + u - 2. Calculate n(-5).
18
Let j(b) = 11*b + 64. Calculate j(-6).
-2
Let d(z) = -6*z - 155. Calculate d(-27).
7
Let w(p) = 2*p + 28. Determine w(-14).
0
Let o(n) = -n**2 - 4*n + 13. What is o(-6)?
1
Let s(y) = 9*y - 19. Determine s(4).
17
Let s(f) = 2*f**2 - 7*f - 36. What is s(-4)?
24
Let h(m) = -m**3 - 19*m**2 - 37*m - 50. Determine h(-17).
1
Let o(p) = 4*p**2 - 8*p - 17. What is o(4)?
15
Let w(h) = h**3 - 2*h**2 - 3*h + 9. Give w(0).
9
Let t(f) = 4*f + 23. Give t(-8).
-9
Let z(w) = w**3 - 18*w**